{"id":1358,"date":"2014-07-01T18:11:30","date_gmt":"2014-07-01T16:11:30","guid":{"rendered":"http:\/\/www.blende16.de\/wordpress\/?page_id=1358"},"modified":"2018-04-18T21:20:03","modified_gmt":"2018-04-18T19:20:03","slug":"benoetigtes-material","status":"publish","type":"page","link":"https:\/\/blende16.de\/wordpress\/benoetigtes-material\/","title":{"rendered":"Projekt-Material"},"content":{"rendered":"<p>In dieser Rubrik findet ihr Material welches zu den einzelnen Projekten ben\u00f6tigt wird.<\/p>\n<p>&nbsp;<\/p>\n<h3><strong>Hinweis f\u00fcr Verwender des Add-Ons Adblock Plus:<\/strong><\/h3>\n<p>Zur darstellung muss unter &#8222;Add-Ons&#8220; -&gt; Addblock Plus -&gt; Einstellungen -&gt; Filtereinstellungen -&gt; &#8222;Ausnahmeregeln&#8220; -&gt; der Wert &#8222;@@amazon&#8220; erstellt werden.<\/p>\n<h3><strong>Allgemeines Werkzeug<\/strong><\/h3>\n<p>Viele Ger\u00e4te verf\u00fcgen \u00fcber kleine Schrauben. Mit diesen beiden Schraubendreher habe ich pers\u00f6nlich sehr gut Erfahrungen gemacht. Zum einen sind sie Robust, zum anderen ist der Griff aus Kunststoff welches im Gegensatz zu anderen Griffen aus einer Gummierung keinen Abrieb bildet. Das Griffende ist frei drehend, sodass man Schrauben m\u00fchelos und mit feingef\u00fchl Ein- und Ausschrauben kann.<\/p>\n<p>[aartikel]B0001P18LY[\/aartikel][aartikel]B0001P18LO[\/aartikel]<\/p>\n<p>&nbsp;<\/p>\n<p>&nbsp;<\/p>\n<p>&nbsp;<\/p>\n<p>&nbsp;<\/p>\n<p>&nbsp;<\/p>\n<p>&nbsp;<\/p>\n<p>&nbsp;<\/p>\n<p>&nbsp;<\/p>\n<p>&nbsp;<\/p>\n<p>&nbsp;<\/p>\n<p>&nbsp;<\/p>\n<p>&nbsp;<\/p>\n<p><span style=\"font-size: 8pt; color: #c0c0c0;\">PH0\/60 &#8211; PH00\/60<\/span><br \/>\nWer nicht sonderlich oft bastelt kann ein weiteres Allround-Set zu einem guten Preis-Leistungs-Verh\u00e4ltnis kaufen. Hier enthalten sind L\u00f6tkolben mit Zubeh\u00f6r sowie Pinzetten, diverse g\u00e4ngige Schraubendreher sowie Seitenschneider zum trennen und Abisolieren von Schaltdraht sowie eine Kombizange. Weiterhin empfehle ich Isolierband zum isolieren von stromf\u00fchrenden Kabeln oder alternativ Schrumpfschlauch.<\/p>\n<p>[aartikel]B005BPAE9Q[\/aartikel][aartikel]B001NHRGRO[\/aartikel][aartikel]B003O6HXKW[\/aartikel]<\/p>\n<p>&nbsp;<\/p>\n<p>&nbsp;<\/p>\n<p>&nbsp;<\/p>\n<p>&nbsp;<\/p>\n<p>&nbsp;<\/p>\n<p>&nbsp;<\/p>\n<p>&nbsp;<\/p>\n<p>&nbsp;<\/p>\n<p>&nbsp;<\/p>\n<p>&nbsp;<\/p>\n<p>&nbsp;<\/p>\n<p>&nbsp;<\/p>\n<p><span style=\"color: #c0c0c0; font-size: 8pt;\">L\u00f6tset Elektronikset &#8211; Isolierband versch. Farbig &#8211; Schrumpfschlauch sortiment<\/span><\/p>\n<hr>\n<h3><strong>Schaltdraht \/ Klingeldraht \/ Litze<br \/>\n<\/strong><\/h3>\n<p>Diesen kann man f\u00fcr viele Projekte verwenden. Ich verwende meist diesen. F\u00fcr aufwendigere Dinge habe ich immer einige Farben zur Auswahl parat<\/p>\n<p>[aartikel]B002OV9KEK[\/aartikel] [aartikel]B003XR82Y8[\/aartikel] [aartikel]B003XR66BO[\/aartikel][aartikel]B000KSHO7Y[\/aartikel] [aartikel]B003XR82VG[\/aartikel]<\/p>\n<p>&nbsp;<\/p>\n<p>&nbsp;<\/p>\n<p>&nbsp;<\/p>\n<p>&nbsp;<\/p>\n<p>&nbsp;<\/p>\n<p>&nbsp;<\/p>\n<p>&nbsp;<\/p>\n<p>&nbsp;<\/p>\n<p>&nbsp;<\/p>\n<p>&nbsp;<\/p>\n<p>&nbsp;<\/p>\n<p>&nbsp;<\/p>\n<p><span style=\"color: #c0c0c0; font-size: 8pt;\">5x Litze Brawa 0,14 x 10m<\/span><\/p>\n<hr>\n<h3><strong><a id=\"digitalisieren-dias\"><\/a>Digitalisieren von alten Kleinbild Negativ- und Positiv Dias<\/strong><\/h3>\n<p style=\"padding-left: 30px;\">Verweis auf Artikel:<br \/>\n<a title=\"Permanent-Link zu DIY \u2013 Digitalisieren von alten Positiv Kleinbild-Dias\" href=\"http:\/\/www.blende16.de\/wordpress\/?p=917\" target=\"_blank\" rel=\"bookmark noopener\">DIY \u2013 Digitalisieren von alten Positiv Kleinbild-Dias <\/a><br \/>\n<a title=\"Permanent-Link zu DIY \u2013 Digitalisieren von alten Positiv Kleinbild-Dias\" href=\"http:\/\/www.blende16.de\/wordpress\/?p=1005\" target=\"_blank\" rel=\"bookmark noopener\">DIY \u2013 Digitalisieren von Kleinbildnegativen Farbe \/ S<br \/>\n<\/a><a title=\"DIY \u2013 \u00dcbersicht M\u00f6glichkeiten der Digitalisierung von KB-Filmen\" href=\"http:\/\/www.blende16.de\/wordpress\/diy-uebersicht-moeglichkeiten-der-digitalisierung-von-kb-filmen\/\" target=\"_blank\" rel=\"noopener\">DIY \u2013 \u00dcbersicht M\u00f6glichkeiten der Digitalisierung von KB-Filmen<\/a><\/p>\n<p>[aartikel]B005ZQDHXQ[\/aartikel][aartikel]B003Z1MGO4[\/aartikel][aartikel]B00BIOCUYQ[\/aartikel] [aartikel]B008PTVKQG[\/aartikel]&nbsp;[aartikel]B008PTVKQG[\/aartikel]<\/p>\n<p>&nbsp;<\/p>\n<p>&nbsp;<\/p>\n<p>&nbsp;<\/p>\n<p>&nbsp;<\/p>\n<p>&nbsp;<\/p>\n<p>&nbsp;<\/p>\n<p>&nbsp;<\/p>\n<p>&nbsp;<\/p>\n<p>&nbsp;<\/p>\n<p>&nbsp;<\/p>\n<p>&nbsp;<\/p>\n<p><span style=\"font-size: 8pt; color: #c0c0c0;\">Dia-Duplikator &#8211; Dia-Scanner- Kaiser Leuchtplatte &#8211; Philips 150W 24V G6.35<\/span><\/p>\n<hr>\n<h3><a id=\"tiptel195\"><\/a>Tiptel 195 Stummschaltung ohne Umwege<\/h3>\n<p style=\"padding-left: 30px;\">Verweis auf Artikel:<br \/>\n<a title=\"Permanent-Link zu DIY \u2013 Tiptel 195 Stummschaltung ohne Umwege\" href=\"http:\/\/www.blende16.de\/wordpress\/?p=1276\" target=\"_blank\" rel=\"bookmark noopener\">DIY \u2013 Tiptel 195 Stummschaltung ohne Umwege<\/a><\/p>\n<p>[aartikel]B002NL3SKS[\/aartikel] [aartikel]B002OV9KEK[\/aartikel] [aartikel]B001NHRGRO[\/aartikel] [aartikel]B003O6HXKW[\/aartikel]<\/p>\n<p>&nbsp;<\/p>\n<p>&nbsp;<\/p>\n<p>&nbsp;<\/p>\n<p>&nbsp;<\/p>\n<p>&nbsp;<\/p>\n<p>&nbsp;<\/p>\n<p>&nbsp;<\/p>\n<p>&nbsp;<\/p>\n<p>&nbsp;<\/p>\n<p>&nbsp;<\/p>\n<p>&nbsp;<\/p>\n<p>&nbsp;<\/p>\n<p><span style=\"font-size: 8pt; color: #c0c0c0;\">Wippschalter 21x15x5 &#8211; Brawa Litze 0,14 &#8211; Isolierband versch. Farbig &#8211; Schrumpfschlauchsortiment<\/span><\/p>\n<hr>\n<h3>A<a id=\"braun8588\"><\/a>kkutausch am Braun 8588<\/h3>\n<p style=\"padding-left: 30px;\">Verweis auf Artikel:<br \/>\n<a href=\"http:\/\/www.blende16.de\/wordpress\/?p=1542\" target=\"_blank\" rel=\"noopener\">DIY &#8211; Akkutausch am Braun 8588 &#8211; Series 8000 und \u00e4hnlich<\/a><\/p>\n<h3>&nbsp;<\/h3>\n<p>[aartikel]B009J93LT0[\/aartikel][aartikel]B001IBKQHC[\/aartikel][aartikel]B001NHRGRO[\/aartikel][aartikel]B001NHRGRO[\/aartikel]<\/p>\n<p>&nbsp;<\/p>\n<p>&nbsp;<\/p>\n<p>&nbsp;<\/p>\n<p>&nbsp;<\/p>\n<p>&nbsp;<\/p>\n<p>&nbsp;<\/p>\n<p>&nbsp;<\/p>\n<p>&nbsp;<\/p>\n<p>&nbsp;<\/p>\n<p>&nbsp;<\/p>\n<p>&nbsp;<\/p>\n<p>&nbsp;<\/p>\n<p><span style=\"font-size: 8pt; color: #c0c0c0;\">NiMh L\u00f6tfahne &#8211; Torx T9 &#8211; L\u00f6tkolbenset &#8211; Isolierband<br \/>\n<\/span><\/p>\n<hr>\n<h3>E<a id=\"dvp630\"><\/a>lko Reperatur am DVP630<\/h3>\n<p style=\"padding-left: 30px;\">Verweis auf Artikel:<br \/>\n<a title=\" DIY - Philips DVD Player DVP630 \/ DVP632 \/ DVP642 C316 Reperatur\" href=\"http:\/\/www.blende16.de\/wordpress\/?p=1661\" target=\"_blank\" rel=\"noopener\"> DIY &#8211; Philips DVD Player DVP630 \/ DVP632 \/ DVP642 C316 Reperatur<\/a><\/p>\n<h3>&nbsp;<\/h3>\n<p>[aartikel]B005BPAE9Q[\/aartikel][aartikel]B00LPWIM98[\/aartikel]<\/p>\n<p>&nbsp;<\/p>\n<p>&nbsp;<\/p>\n<p>&nbsp;<\/p>\n<p>&nbsp;<\/p>\n<p>&nbsp;<\/p>\n<p>&nbsp;<\/p>\n<p>&nbsp;<\/p>\n<p>&nbsp;<\/p>\n<p>&nbsp;<\/p>\n<p>&nbsp;<\/p>\n<p>&nbsp;<\/p>\n<p>&nbsp;<\/p>\n<p><span style=\"font-size: 8pt; color: #c0c0c0;\">L\u00f6tset &#8211; Elko 1000uF 16V<br \/>\n<\/span><\/p>\n<hr>\n<h3>M<a id=\"drohne\"><\/a>ikanixX Spirit X006 &#8211; \u00c4hnlich Hubsan X4 H107<\/h3>\n<p style=\"padding-left: 30px;\">Verweis auf Artikel:<br \/>\n<a href=\"http:\/\/www.blende16.de\/wordpress\/quadrocopter-mikanixx-spirit-x006-hubsan-x4-drohne\/\" target=\"_blank\" rel=\"noopener\"> Quadrocopter MikanixX Spirit X006 (Hubsan X4 H107) Drohne<\/a><\/p>\n<h3 style=\"padding-left: 30px;\">&nbsp;<\/h3>\n<p>[aartikel]B00N0WO57Y[\/aartikel][aartikel]B00IS5DHFY[\/aartikel][aartikel]B00QKXV7NK[\/aartikel][aartikel]B00A85I8II[\/aartikel][aartikel]B00IJSOH4A[\/aartikel]<\/p>\n<p>&nbsp;<\/p>\n<p>&nbsp;<\/p>\n<p>&nbsp;<\/p>\n<p>&nbsp;<\/p>\n<p>&nbsp;<\/p>\n<p>&nbsp;<\/p>\n<p>&nbsp;<\/p>\n<p>&nbsp;<\/p>\n<p>&nbsp;<\/p>\n<p>&nbsp;<\/p>\n<p><span style=\"font-size: 8pt; color: #c0c0c0;\">Drohne \u2013 Rotorersatz &#8211; Schutzring &#8211; Minikamera &#8211; Tuningakku<br \/>\n<\/span><\/p>\n<hr>\n<h3>L<a id=\"dm7000\"><\/a>\u00fcftereinbau DM7000s und \u00e4hnlich<\/h3>\n<p style=\"padding-left: 30px;\">Verweis auf Artikel:<br \/>\n<a href=\"http:\/\/www.blende16.de\/wordpress\/?p=2170\" target=\"_blank\" rel=\"noopener\">DIY &#8211; L\u00fcftereinbau Dreambox DM7020HD \/ DM7000 \/ DM8000 und \u00c4hnlich<\/a><\/p>\n<h3 style=\"padding-left: 30px;\">&nbsp;<\/h3>\n<p>[aartikel]B001UHECIS[\/aartikel][aartikel]B002KTVFPI[\/aartikel][aartikel]B003XR82VG[\/aartikel][aartikel]B000RO3BPA[\/aartikel][aartikel]B002BFFWJG[\/aartikel]<\/p>\n<p>&nbsp;<\/p>\n<p>&nbsp;<\/p>\n<p>&nbsp;<\/p>\n<p>&nbsp;<\/p>\n<p>&nbsp;<\/p>\n<p>&nbsp;<\/p>\n<p>&nbsp;<\/p>\n<p>&nbsp;<\/p>\n<p>&nbsp;<\/p>\n<p>&nbsp;<\/p>\n<p>&nbsp;<\/p>\n<p>&nbsp;<\/p>\n<p><span style=\"font-size: 8pt; color: #c0c0c0;\">Y-Kabel &#8211; L\u00fcfter &#8211; Schaltdraht &#8211; IDE Festplatte &#8211; IDE Kabel<\/span><\/p>\n<hr>\n<h3>La<a id=\"laptopluefter\"><\/a>ptopl\u00fcfter, Laptopk\u00fchler<\/h3>\n<p style=\"padding-left: 30px;\">Verweis auf Artikel:<br \/>\n<a href=\"http:\/\/www.blende16.de\/wordpress\/diy-laptopluefter-laptopkuehler\/\" target=\"_blank\" rel=\"noopener\">DIY &#8211; Laptopl\u00fcfter, Laptopk\u00fchler<\/a><\/p>\n<h3 style=\"padding-left: 30px;\">&nbsp;<\/h3>\n<p>[aartikel]B002KTVFPI[\/aartikel][aartikel]B002TPY1VS[\/aartikel][aartikel]B002OV9KEK[\/aartikel]<\/p>\n<p>&nbsp;<\/p>\n<p>&nbsp;<\/p>\n<p>&nbsp;<\/p>\n<p>&nbsp;<\/p>\n<p>&nbsp;<\/p>\n<p>&nbsp;<\/p>\n<p>&nbsp;<\/p>\n<p>&nbsp;<\/p>\n<p>&nbsp;<\/p>\n<p>&nbsp;<\/p>\n<p>&nbsp;<\/p>\n<p>&nbsp;<\/p>\n<p><span style=\"font-size: 8pt; color: #c0c0c0;\">L\u00fcfter &#8211; Netzteil &#8211; Schaltdraht<\/span><\/p>\n<hr>\n<h3>F<a id=\"fernbedienung\"><\/a>ernbedienung reparieren<\/h3>\n<p style=\"padding-left: 30px;\">Verweis auf Artikel:<br \/>\n<a href=\"http:\/\/www.blende16.de\/wordpress\/diy-fernbedienung\/\" target=\"_blank\" rel=\"noopener\">DIY &#8211; defekte Kn\u00f6pfe an Fernbedienung reparieren<\/a><\/p>\n<p>[aartikel]B00L2E9PW2[\/aartikel][aartikel]B0054RCJY4[\/aartikel][aartikel]B00F5Z9FOM[\/aartikel][aartikel]B00G26VN20[\/aartikel][aartikel]B003NSIE40[\/aartikel][aartikel]B0000WOHBG[\/aartikel]<\/p>\n<p>&nbsp;<\/p>\n<p>&nbsp;<\/p>\n<p>&nbsp;<\/p>\n<p>&nbsp;<\/p>\n<p>&nbsp;<\/p>\n<p>&nbsp;<\/p>\n<p>&nbsp;<\/p>\n<p>&nbsp;<\/p>\n<p>&nbsp;<\/p>\n<p>&nbsp;<\/p>\n<p>&nbsp;<\/p>\n<p><span style=\"font-size: 8pt; color: #c0c0c0;\">Werkzeugset &#8211; Alufolie &#8211; Kleber &#8211; Pinsel &#8211; Fernbedienung<\/span><\/p>\n<hr>\n<h3>Samsung Galaxy S6 etc. Reset ohne Datenverlust<\/h3>\n<p>Verweis auf Artikel:<br \/>\n<a href=\"http:\/\/www.blende16.de\/wordpress\/fixing-frozen-samsung-galaxy\/\" target=\"_blank\" rel=\"noopener\">DIY &#8211; Reset Samsung ohne Datenverlust, Neustart<\/a><\/p>\n<p>[aartikel]B00T2YAJ2O[\/aartikel][aartikel]B00QU4Q31A[\/aartikel]<\/p>\n<p>&nbsp;<\/p>\n<p>&nbsp;<\/p>\n<p>&nbsp;<\/p>\n<p>&nbsp;<\/p>\n<p>&nbsp;<\/p>\n<p>&nbsp;<\/p>\n<p>&nbsp;<\/p>\n<p>&nbsp;<\/p>\n<p>&nbsp;<\/p>\n<p>&nbsp;<\/p>\n<p>&nbsp;<\/p>\n<p>&nbsp;<\/p>\n<p><span style=\"font-size: 8pt; color: #999999;\">Glasschutz, Spigen Neo Hyprid<\/span><\/p>\n<hr>\n<h3>neues Projekt<\/h3>\n","protected":false},"excerpt":{"rendered":"<p>In dieser Rubrik findet ihr Material welches zu den einzelnen Projekten ben\u00f6tigt wird. &nbsp; Hinweis f\u00fcr Verwender des Add-Ons Adblock Plus: Zur darstellung muss unter &#8222;Add-Ons&#8220; -&gt; Addblock Plus -&gt; Einstellungen -&gt; Filtereinstellungen -&gt; &#8222;Ausnahmeregeln&#8220; -&gt; der Wert &#8222;@@amazon&#8220; erstellt werden. Allgemeines Werkzeug Viele Ger\u00e4te verf\u00fcgen \u00fcber kleine Schrauben. Mit diesen beiden Schraubendreher habe ich &hellip; <a href=\"https:\/\/blende16.de\/wordpress\/benoetigtes-material\/\" class=\"more-link\"><span class=\"screen-reader-text\">Projekt-Material<\/span> weiterlesen <span class=\"meta-nav\">&rarr;<\/span><\/a><\/p>\n","protected":false},"author":2,"featured_media":0,"parent":0,"menu_order":0,"comment_status":"closed","ping_status":"open","template":"","meta":{"ngg_post_thumbnail":0,"footnotes":""},"class_list":["post-1358","page","type-page","status-publish","hentry"],"yoast_head":"<!-- This site is optimized with the Yoast SEO plugin v27.2 - https:\/\/yoast.com\/product\/yoast-seo-wordpress\/ -->\n<title>Projekt-Material - Erik O. Martin<\/title>\n<meta name=\"robots\" content=\"index, follow, max-snippet:-1, max-image-preview:large, max-video-preview:-1\" \/>\n<link rel=\"canonical\" href=\"https:\/\/blende16.de\/wordpress\/benoetigtes-material\/\" \/>\n<meta property=\"og:locale\" content=\"de_DE\" \/>\n<meta property=\"og:type\" content=\"article\" \/>\n<meta property=\"og:title\" content=\"Projekt-Material - Erik O. Martin\" \/>\n<meta property=\"og:description\" content=\"In dieser Rubrik findet ihr Material welches zu den einzelnen Projekten ben\u00f6tigt wird. &nbsp; Hinweis f\u00fcr Verwender des Add-Ons Adblock Plus: Zur darstellung muss unter &#8222;Add-Ons&#8220; -&gt; Addblock Plus -&gt; Einstellungen -&gt; Filtereinstellungen -&gt; &#8222;Ausnahmeregeln&#8220; -&gt; der Wert &#8222;@@amazon&#8220; erstellt werden. Allgemeines Werkzeug Viele Ger\u00e4te verf\u00fcgen \u00fcber kleine Schrauben. Mit diesen beiden Schraubendreher habe ich &hellip; Projekt-Material weiterlesen &rarr;\" \/>\n<meta property=\"og:url\" content=\"https:\/\/blende16.de\/wordpress\/benoetigtes-material\/\" \/>\n<meta property=\"og:site_name\" content=\"Erik O. Martin\" \/>\n<meta property=\"article:modified_time\" content=\"2018-04-18T19:20:03+00:00\" \/>\n<meta name=\"twitter:card\" content=\"summary_large_image\" \/>\n<meta name=\"twitter:label1\" content=\"Gesch\u00e4tzte Lesezeit\" \/>\n\t<meta name=\"twitter:data1\" content=\"4\u00a0Minuten\" \/>\n<script type=\"application\/ld+json\" class=\"yoast-schema-graph\">{\"@context\":\"https:\/\/schema.org\",\"@graph\":[{\"@type\":\"WebPage\",\"@id\":\"https:\/\/blende16.de\/wordpress\/benoetigtes-material\/\",\"url\":\"https:\/\/blende16.de\/wordpress\/benoetigtes-material\/\",\"name\":\"Projekt-Material - Erik O. Martin\",\"isPartOf\":{\"@id\":\"https:\/\/blende16.de\/wordpress\/#website\"},\"datePublished\":\"2014-07-01T16:11:30+00:00\",\"dateModified\":\"2018-04-18T19:20:03+00:00\",\"breadcrumb\":{\"@id\":\"https:\/\/blende16.de\/wordpress\/benoetigtes-material\/#breadcrumb\"},\"inLanguage\":\"de\",\"potentialAction\":[{\"@type\":\"ReadAction\",\"target\":[\"https:\/\/blende16.de\/wordpress\/benoetigtes-material\/\"]}]},{\"@type\":\"BreadcrumbList\",\"@id\":\"https:\/\/blende16.de\/wordpress\/benoetigtes-material\/#breadcrumb\",\"itemListElement\":[{\"@type\":\"ListItem\",\"position\":1,\"name\":\"Start\",\"item\":\"https:\/\/blende16.de\/wordpress\/\"},{\"@type\":\"ListItem\",\"position\":2,\"name\":\"Projekt-Material\"}]},{\"@type\":\"WebSite\",\"@id\":\"https:\/\/blende16.de\/wordpress\/#website\",\"url\":\"https:\/\/blende16.de\/wordpress\/\",\"name\":\"Erik O. Martin\",\"description\":\"\",\"potentialAction\":[{\"@type\":\"SearchAction\",\"target\":{\"@type\":\"EntryPoint\",\"urlTemplate\":\"https:\/\/blende16.de\/wordpress\/?s={search_term_string}\"},\"query-input\":{\"@type\":\"PropertyValueSpecification\",\"valueRequired\":true,\"valueName\":\"search_term_string\"}}],\"inLanguage\":\"de\"}]}<\/script>\n<!-- \/ Yoast SEO plugin. -->","yoast_head_json":{"title":"Projekt-Material - Erik O. Martin","robots":{"index":"index","follow":"follow","max-snippet":"max-snippet:-1","max-image-preview":"max-image-preview:large","max-video-preview":"max-video-preview:-1"},"canonical":"https:\/\/blende16.de\/wordpress\/benoetigtes-material\/","og_locale":"de_DE","og_type":"article","og_title":"Projekt-Material - Erik O. Martin","og_description":"In dieser Rubrik findet ihr Material welches zu den einzelnen Projekten ben\u00f6tigt wird. &nbsp; Hinweis f\u00fcr Verwender des Add-Ons Adblock Plus: Zur darstellung muss unter &#8222;Add-Ons&#8220; -&gt; Addblock Plus -&gt; Einstellungen -&gt; Filtereinstellungen -&gt; &#8222;Ausnahmeregeln&#8220; -&gt; der Wert &#8222;@@amazon&#8220; erstellt werden. Allgemeines Werkzeug Viele Ger\u00e4te verf\u00fcgen \u00fcber kleine Schrauben. Mit diesen beiden Schraubendreher habe ich &hellip; Projekt-Material weiterlesen &rarr;","og_url":"https:\/\/blende16.de\/wordpress\/benoetigtes-material\/","og_site_name":"Erik O. Martin","article_modified_time":"2018-04-18T19:20:03+00:00","twitter_card":"summary_large_image","twitter_misc":{"Gesch\u00e4tzte Lesezeit":"4\u00a0Minuten"},"schema":{"@context":"https:\/\/schema.org","@graph":[{"@type":"WebPage","@id":"https:\/\/blende16.de\/wordpress\/benoetigtes-material\/","url":"https:\/\/blende16.de\/wordpress\/benoetigtes-material\/","name":"Projekt-Material - Erik O. Martin","isPartOf":{"@id":"https:\/\/blende16.de\/wordpress\/#website"},"datePublished":"2014-07-01T16:11:30+00:00","dateModified":"2018-04-18T19:20:03+00:00","breadcrumb":{"@id":"https:\/\/blende16.de\/wordpress\/benoetigtes-material\/#breadcrumb"},"inLanguage":"de","potentialAction":[{"@type":"ReadAction","target":["https:\/\/blende16.de\/wordpress\/benoetigtes-material\/"]}]},{"@type":"BreadcrumbList","@id":"https:\/\/blende16.de\/wordpress\/benoetigtes-material\/#breadcrumb","itemListElement":[{"@type":"ListItem","position":1,"name":"Start","item":"https:\/\/blende16.de\/wordpress\/"},{"@type":"ListItem","position":2,"name":"Projekt-Material"}]},{"@type":"WebSite","@id":"https:\/\/blende16.de\/wordpress\/#website","url":"https:\/\/blende16.de\/wordpress\/","name":"Erik O. Martin","description":"","potentialAction":[{"@type":"SearchAction","target":{"@type":"EntryPoint","urlTemplate":"https:\/\/blende16.de\/wordpress\/?s={search_term_string}"},"query-input":{"@type":"PropertyValueSpecification","valueRequired":true,"valueName":"search_term_string"}}],"inLanguage":"de"}]}},"_links":{"self":[{"href":"https:\/\/blende16.de\/wordpress\/wp-json\/wp\/v2\/pages\/1358","targetHints":{"allow":["GET"]}}],"collection":[{"href":"https:\/\/blende16.de\/wordpress\/wp-json\/wp\/v2\/pages"}],"about":[{"href":"https:\/\/blende16.de\/wordpress\/wp-json\/wp\/v2\/types\/page"}],"author":[{"embeddable":true,"href":"https:\/\/blende16.de\/wordpress\/wp-json\/wp\/v2\/users\/2"}],"replies":[{"embeddable":true,"href":"https:\/\/blende16.de\/wordpress\/wp-json\/wp\/v2\/comments?post=1358"}],"version-history":[{"count":158,"href":"https:\/\/blende16.de\/wordpress\/wp-json\/wp\/v2\/pages\/1358\/revisions"}],"predecessor-version":[{"id":3008,"href":"https:\/\/blende16.de\/wordpress\/wp-json\/wp\/v2\/pages\/1358\/revisions\/3008"}],"wp:attachment":[{"href":"https:\/\/blende16.de\/wordpress\/wp-json\/wp\/v2\/media?parent=1358"}],"curies":[{"name":"wp","href":"https:\/\/api.w.org\/{rel}","templated":true}]}}